ative of 39*l**2/2 + l - 18. What are the prime factors of d(2)?
79
Let g(w) = -w**3 - 8*w**2 + 6*w + 1. Suppose -1 = 6*v + 53. List the prime factors of g(v).
2, 7
Let x(w) = -40*w + 3. Let s be x(-1). Suppose 132 - 8 = 4*o. Let r = s - o. What are the prime factors of r?
2, 3
Let o(t) = -t + 1. Let v(p) = -p**2 - p - 7. Let i(y) = -o(y) - v(y). What are the prime factors of i(-11)?
3, 5, 7
Suppose 160 + 90 = -2*t. Let x = 192 + t. List the prime factors of x.
67
Suppose -1 = -5*p - 16. List the prime factors of ((-4)/p + -2)/(2/(-561)).
11, 17
Let z(f) = f. Let y(x) = -4*x - 5. Let i(v) = y(v) + 3*z(v). Let s be i(-7). Suppose -k + 5 - s = 0. List the prime factors of k.
3
Let f be (0 + 7/(-2))*(-2 - 0). Let l be (-186)/10 + 2/(-5). Let r = f - l. What are the prime factors of r?
2, 13
Let u = 124 - -580. List the prime factors of u.
2, 11
Suppose -139*m + 134*m = -1660. What are the prime factors of m?
2, 83
Let s = 70 + -15. List the prime factors of s.
5, 11
Let g = -2823 + 6002. What are the prime factors of g?
11, 17
Let n = -47 + 43. Let h(y) = -11*y - 10. List the prime factors of h(n).
2, 17
Let y = -2100 - -4142. List the prime factors of y.
2, 1021
Suppose 3*f + 3*g - 21 = 0, 0*g = -4*f + g + 53. Suppose -9*z = -f*z + 213. What are the prime factors of z?
71
Suppose 0 = 4*x + 12, -61*i - 3*x - 41 = -62*i. List the prime factors of i.
2
Let q be 12/10*90/27. Suppose 3*d - 3 = -2*z + 6*d, -5*d - 7 = -q*z. Suppose z*i - 9 - 21 = 0. List the prime factors of i.
2, 5
Let x(z) = -20*z + 15. List the prime factors of x(-13).
5, 11
Let i(m) = -m - 9. Let w be 6/4 - (-75)/(-6). Let l be i(w). Suppose 3*t - 32 = -5*s + 112, -4*t + l*s = -166. List the prime factors of t.
43
Suppose 12*n = 2*n + 1020. What are the prime factors of n?
2, 3, 17
Let b = 252 + 436. List the prime factors of b.
2, 43
Let o = -851 + 1261. Suppose 5*j - 761 = -g - 31, 5*g + o = 3*j. List the prime factors of j.
5, 29
Suppose 3*o = 2 + 16. Suppose 6*c - 180 = 15*c. Let h = o - c. List the prime factors of h.
2, 13
Let g = -681 - -183. Let r = 720 + g. List the prime factors of r.
2, 3, 37
Let k = 112 - 41. Let h = k - 57. List the prime factors of h.
2, 7
Let k(m) = m**2 + 4*m + 7. Let o be k(-3). Suppose -2*j - o*u = -170, 5*j - 2*u - 565 + 104 = 0. What are the prime factors of j?
7, 13
Let g(w) = 5*w**2 - 6*w - 6. Let d(q) = 9*q**2 - 12*q - 13. Let b(p) = 4*d(p) - 7*g(p). Let m be b(8). Suppose -4 = -m*y + 5*y. What are the prime factors of y?
2
Suppose 7*u + 21 = 4*u. Let k(n) = -n**3 - 3*n**2 + 18*n - 14. What are the prime factors of k(u)?
2, 7
Let r be 75/(-6)*(-36)/15. Let y = -30 + r. What are the prime factors of 2/(2/65) - y?
5, 13
Let j(p) = -2*p**2 + 39*p + 19. List the prime factors of j(19).
2, 19
Let t(b) = 14 + 2*b**2 + 2*b - 18 - 7*b - b**2. List the prime factors of t(13).
2, 5
Suppose 3*u + 3*x - x = 6, 2*u - 5*x + 15 = 0. Suppose -6*z = -2*z - 12, u = 4*l + 5*z - 471. Suppose -14*q + 12*q + l = 0. List the prime factors of q.
3, 19
List the prime factors of (-8)/(-24) + (2741/3 - 3).
911
Suppose 0 = 4*j - 25 - 3. Let q(d) = -d**3 + 11*d**2 + 16*d - 4. List the prime factors of q(j).
2, 19
Let s(w) = 7*w**2 + 3*w - 1. Let o be (9 + -6)/(5 + -2). List the prime factors of s(o).
3
Suppose o = -6*o - 7. Let g(h) = 49*h**2 + h. List the prime factors of g(o).
2, 3
Suppose 0 = a - 3 - 2. Suppose -3*c + 2*x = -0*x - 23, 2*c = -2*x + 2. Suppose -a*g + 2*o + c = -125, 0 = 2*g + 4*o - 76. What are the prime factors of g?
2, 7
Let l = 451 + 257. Let x = l + -457. What are the prime factors of x?
251
Suppose -8 = -5*n - 23, -3*n - 1640 = -u. List the prime factors of u.
7, 233
Let a = -6158 + 9292. List the prime factors of a.
2, 1567
Let v = 10 - 8. Let z = -10 + v. Let w = z + 17. List the prime factors of w.
3
Let s(i) = 13 - 11*i**2 - i - 2*i**3 + 24*i**2 - i**3 + 2*i**3. Let b be s(13). Let m(n) = n**3 - n**2 - n + 13. List the prime factors of m(b).
13
Let h be 1 + -3 - 0 - -444. Suppose -557 + 136 = -5*a - 3*p, 0 = -5*a + 4*p + h. List the prime factors of a.
2, 43
Let p(r) = -r**2 - 12*r + 1. Let s be 8/(-2) - (-3 - 0). Let o be -5 - s/2*-2. What are the prime factors of p(o)?
37
List the prime factors of -103*(1 - 2) - (3 - 6).
2, 53
Suppose -10*i + 3690 = 1100. What are the prime factors of i?
7, 37
Suppose 0 = 4*g + 2*v + 10, 3*g + v = -3*v. List the prime factors of ((0 - -8) + g - 1) + 3.
2, 3
Suppose 14*c = 12*c + 1938. Suppose 0 = -10*d + 951 + c. What are the prime factors of d?
2, 3
Let h = 20 - 20. Suppose -c = 2*o + 129 + 44, h = -2*c - 6. Let j = -47 - o. What are the prime factors of j?
2, 19
Let v = 53 - -19. Suppose -4*l - 2*g - 28 = 58, 3*l - g + v = 0. Let m = l + 50. What are the prime factors of m?
3
Let y = 12 - 12. Let m(x) = -2*x**2 + y*x**3 + 0*x**2 - 4*x - x**3 - 2 + 0*x**3. What are the prime factors of m(-2)?
2, 3
Let a(f) be the third derivative of f**5/60 - 5*f**4/12 + 8*f**3/3 - 7*f**2. List the prime factors of a(11).
3
Suppose -5*x + 5*g + 25 = 0, 4*g = -4*x + 49 - 5. Let t be (-7)/(28/x) + 36. Let n = t + 1. What are the prime factors of n?
5, 7
Let g(k) = 4*k + 5. Let v be g(9). Suppose 47*r = v*r + 1644. What are the prime factors of r?
2, 137
Let u(w) = -10*w**3 - 7*w**2 - 8*w + 7. What are the prime factors of u(-3)?
2, 7, 17
Let o(q) = -q**3 + 2*q + 1. Let u be o(-1). Let f(k) = 3*k + 5*k + 21 - 3*k - 4*k. List the prime factors of f(u).
3, 7
Let j = -31 + 34. Suppose -j*s + 63 = -3*k, -2*s - 2*k = s - 83. What are the prime factors of s?
5
Let x = 28 + -30. Let l be x/3*(-6)/(-4). Let q(t) = -9*t**3 - t**2 - t - 1. List the prime factors of q(l).
2
Let l(n) = 2*n**2 + 6*n - 12. Let j be l(5). Let q = -122 + j. Let x = 1 - q. List the prime factors of x.
5, 11
Suppose -8 = -18*n + 10*n. What are the prime factors of (-5 + 4 - 124)/(-2 + n)?
5
Let s = 54 - 88. Suppose 7*j = 311 + 67. Let t = s + j. List the prime factors of t.
2, 5
Suppose 2*v - 730 = 206. List the prime factors of v.
2, 3, 13
Let y(x) = -x**3 + 9*x**2 - 13*x + 29. Let r be (-14)/(-21) - 16/(-3). List the prime factors of y(r).
59
Suppose 0 = -5*d + 36 + 54. Let q(c) = -2*c**2 + 7*c - 1. Let v be q(3). List the prime factors of 372/d*3/v.
31
Let u(w) = 67*w**2 + 54*w - 14. What are the prime factors of u(-6)?
2, 17, 61
Let f(x) = x - 1. Let m(p) = p**2 + 3*p - 4. Let w(r) = -3*f(r) + m(r). Let b be w(3). Suppose 86 + 58 = 4*o - d, -2*d = b. List the prime factors of o.
5, 7
Let a = 25 - 16. Suppose -135 = -12*q + a*q. List the prime factors of (-6)/27 - (-2350)/q.
2, 13
Let f(u) = -9*u - 22. Let t(m) = -m**2 + 2*m + 8. Let p be t(-3). What are the prime factors of f(p)?
41
Let l(j) = 14*j**2 - 42*j - 17. Let f(t) = 5*t**2 - 14*t - 6. Let q(m) = 11*f(m) - 4*l(m). Let w be q(10). Suppose -p - w = -2*p. List the prime factors of p.
2, 3, 7
Let v = -13 + 10. Let t be 6 - (2 - (-2 - v)). Suppose 4*r = 3*r + t. What are the prime factors of r?
5
Suppose 3 + 6 = 3*r. Let j be r/(-4) + 780/16. Suppose 0 = 5*w - j - 97. List the prime factors of w.
29
Let k = 20 - 7. Let s be (-3)/27*3*(-4 - -1). Let x = k + s. List the prime factors of x.
2, 7
Suppose 0 = 5*r - 0*c - 4*c - 17211, 13748 = 4*r + 2*c. List the prime factors of r.
19, 181
Let w(x) = -8*x + 61. Let p be w(7). Let s(d) be the third derivative of d**5/60 - d**4/12 + 5*d**3/6 + d**2. List the prime factors of s(p).
2, 5
Suppose 0 = 5*p + 15, 4*x + 0*p - 2*p - 398 = 0. What are the prime factors of x?
2, 7
Let y be 31/62*(11 + -1). Let a be ((-2)/3)/((-4)/1194). Suppose -5*t = y*c - a - 186, 3*t - 12 = 0. What are the prime factors of c?
73
Suppose 60*y + 11665 = 65*y. What are the prime factors of y?
2333
Let m be 40/(2*1/7). Suppose -m = 4*f - 5*f. Suppose -5 + f = 5*z. List the prime factors of z.
3
Let a be -6*5/(1/(-1)). Suppose -w = 5*o - 5 - 64, 0 = -3*o - w + 41. Let l = a - o. What are the prime factors of l?
2
Let a(g) = g - 4. Let f be a(4). Suppose f*n = 3*n. Suppose n = 3*l - 12 - 9. What are the prime factors of l?
7
Suppose z + 4 = 2*d, 5*d - 13 = z + 3. Suppose -476 = -2*b + 4*c + 38, 0 = 3*b + d*c - 721. What are the prime factors of b?
13, 19
Let d = -99 - -152. Suppose 3 = -h + 2, -5*b + 3*h = -513. Suppose 5*a - b = d. List the prime factors of a.
31
Let z(o) = 2*o**2 - 5*o